s 84 a multiple of 7?
True
Is 73675 a multiple of 7?
True
Is 20 a factor of 11760?
True
Is 600 a multiple of 20?
True
Is 10438 a multiple of 12?
False
Is 16 a factor of 1808?
True
Does 49 divide 6768?
False
Is 113672 a multiple of 26?
True
Is 74 a factor of 1074?
False
Is 5972 a multiple of 119?
False
Is 1485 a multiple of 9?
True
Does 308 divide 86548?
True
Is 214 a factor of 15080?
False
Does 6 divide 171?
False
Is 3646 a multiple of 6?
False
Is 1031 a multiple of 55?
False
Does 2 divide 4?
True
Is 7 a factor of 1393?
True
Is 89 a factor of 1513?
True
Is 18 a factor of 990?
True
Does 16 divide 6624?
True
Does 4 divide 5908?
True
Is 42 a factor of 616?
False
Is 23 a factor of 2149?
False
Does 14 divide 243?
False
Is 9 a factor of 252?
True
Does 25 divide 100?
True
Is 10 a factor of 953?
False
Is 43 a factor of 3827?
True
Is 31 a factor of 372?
True
Is 1300 a multiple of 25?
True
Does 3 divide 184?
False
Does 38 divide 5919?
False
Is 195 a multiple of 11?
False
Is 2354 a multiple of 12?
False
Does 18 divide 3492?
True
Does 21 divide 189?
True
Does 7 divide 595?
True
Does 24 divide 29953?
False
Is 39 a factor of 12313?
False
Is 13 a factor of 771?
False
Is 16 a factor of 2841?
False
Does 6 divide 1302?
True
Is 946 a multiple of 60?
False
Is 29713 a multiple of 43?
True
Does 19 divide 2641?
True
Is 1038 a multiple of 17?
False
Does 12 divide 45860?
False
Does 29 divide 1383?
False
Is 57 a factor of 11747?
False
Is 2790 a multiple of 15?
True
Does 147 divide 26712?
False
Is 3597 a multiple of 13?
False
Does 36 divide 21387?
False
Does 27 divide 655?
False
Is 1233 a multiple of 9?
True
Is 2 a factor of 4817?
False
Does 122 divide 1098?
True
Is 22 a factor of 567?
False
Does 88 divide 1156?
False
Is 10 a factor of 1970?
True
Does 7 divide 469?
True
Is 145023 a multiple of 234?
False
Is 11894 a multiple of 40?
False
Is 1069 a multiple of 3?
False
Is 3 a factor of 858?
True
Is 20 a factor of 33200?
True
Is 712 a multiple of 55?
False
Is 86256 a multiple of 24?
True
Does 74 divide 12950?
True
Is 47394 a multiple of 18?
True
Does 11 divide 286?
True
Is 4 a factor of 113?
False
Is 6 a factor of 1554?
True
Does 55 divide 1580?
False
Does 13 divide 624?
True
Is 59 a factor of 22835?
False
Is 8 a factor of 736?
True
Is 39245 a multiple of 235?
True
Is 14 a factor of 602?
True
Is 3990 a multiple of 35?
True
Is 298 a multiple of 73?
False
Does 47 divide 18439?
False
Is 9 a factor of 102?
False
Is 12048 a multiple of 48?
True
Does 13 divide 9980?
False
Does 231 divide 49571?
False
Does 25 divide 375?
True
Is 9075 a multiple of 25?
True
Does 35 divide 2689?
False
Is 34 a factor of 42160?
True
Is 9 a factor of 549?
True
Does 13 divide 1001?
True
Is 67 a multiple of 4?
False
Does 7 divide 15106?
True
Is 173 a factor of 12110?
True
Is 19 a factor of 798?
True
Does 264 divide 1964?
False
Does 5 divide 254?
False
Is 838 a multiple of 38?
False
Is 217 a factor of 19918?
False
Does 7 divide 3843?
True
Is 14 even?
True
Does 32 divide 9568?
True
Is 408 a multiple of 51?
True
Is 74700 a multiple of 249?
True
Is 16 a factor of 1011?
False
Does 25 divide 15825?
True
Is 1808 a multiple of 16?
True
Does 6 divide 1122?
True
Is 60 a multiple of 3?
True
Is 14 a factor of 26166?
True
Does 21 divide 41580?
True
Is 37031 a multiple of 14?
False
Is 10 a factor of 4180?
True
Does 131 divide 2620?
True
Does 67 divide 1598?
False
Does 97 divide 776?
True
Is 21 a multiple of 3?
True
Is 60 a multiple of 18?
False
Is 128 a factor of 17280?
True
Is 17 a factor of 302?
False
Does 6 divide 81?
False
Is 94 a factor of 3854?
True
Is 669 a multiple of 2?
False
Is 76 a factor of 456?
True
Is 187 a factor of 9884?
False
Is 57 a factor of 18948?
False
Does 137 divide 1951?
False
Does 28 divide 3164?
True
Does 27 divide 1992?
False
Is 46 a factor of 598?
True
Is 3 a factor of 11349?
True
Is 393 a multiple of 6?
False
Does 28 divide 2507?
False
Does 37 divide 9977?
False
Does 34 divide 1272?
False
Does 2 divide 1304?
True
Is 22439 a multiple of 69?
False
Is 14 a factor of 25424?
True
Is 30 a factor of 51270?
True
Does 51 divide 1692?
False
Is 345 a multiple of 21?
False
Does 53 divide 4346?
True
Does 33 divide 4460?
False
Is 11 a factor of 132?
True
Is 9795 a multiple of 42?
False
Does 20 divide 539?
False
Is 4480 a multiple of 16?
True
Is 25 a multiple of 8?
False
Is 69 a factor of 2277?
True
Is 9003 a multiple of 20?
False
Is 3580 a multiple of 123?
False
Is 95 a multiple of 6?
False
Does 39 divide 6372?
False
Is 3950 a multiple of 50?
True
Is 33 a factor of 3861?
True
Does 35 divide 10152?
False
Is 16 a factor of 20530?
False
Does 27 divide 7419?
False
Is 554 a multiple of 42?
False
Is 9 a factor of 513?
True
Does 93 divide 2446?
False
Does 55 divide 25317?
False
Is 19 a factor of 1311?
True
Is 44 a factor of 396?
True
Is 5 a factor of 3413?
False
Is 945 a multiple of 27?
True
Is 12 a factor of 143864?
False
Does 30 divide 9000?
True
Is 33 a factor of 163?
False
Is 17 a factor of 3451?
True
Is 39672 a multiple of 18?
True
Is 751 a multiple of 5?
False
Is 30098 a multiple of 186?
False
Is 25 a factor of 34275?
True
Is 58 a multiple of 58?
True
Is 354 a multiple of 31?
False
Does 22 divide 2222?
True
Does 14 divide 658?
True
Does 17 divide 11713?
True
Is 3904 a multiple of 25?
False
Does 22 divide 1962?
False
Is 6 even?
True
Is 50 a multiple of 15?
False
Does 48 divide 658?
False
Does 223 divide 12488?
True
Is 49730 a multiple of 17?
False
Is 939 a multiple of 7?
False
Is 428 a multiple of 11?
False
Does 76 divide 111264?
True
Is 272 a multiple of 14?
False
Does 2 divide 49?
False
Is 17 a factor of 23528?
True
Does 23 divide 1932?
True
Does 2 divide 152?
True
Does 8 divide 328?
True
Is 26996 a multiple of 30?
False
Does 80 divide 6320?
True
Is 6419 a multiple of 144?
False
Is 12 a factor of 114240?
True
Does 13 divide 1074?
False
Is 2544 a multiple of 15?
False
Is 10640 a multiple of 19?
True
Does 19 divide 320?
False
Does 16 divide 13344?
True
Is 17 a factor of 2565?
False
Is 1912 a multiple of 18?
False
Is 63538 a multiple of 17?
False
Is 420 a multiple of 7?
True
Does 8 divide 52711?
False
Does 64 divide 244?
False
Does 5 divide 32335?
True
Is 6004 a multiple of 28?
False
Is 11 a factor of 433?
False
Is 20 a factor of 47740?
True
Is 782 a multiple of 23?
True
Is 3462 a multiple of 53?
False
Is 14 a factor of 756?
True
Does 4 divide 190?
False
Is 79 a multiple of 6?
False
Does 141 divide 4794?
True
Does 100 divide 61420?
False
Does 216 divide 4752?
True
Is 4996 a multiple of 7?
False
Does 23 divide 25581?
False
Is 34265 a multiple of 16?
False
Is 34 a factor of 442?
True
Is 2340 a multiple of 30?
True
Is 6 a factor of 1938?
True
Does 8 divide 7920?
True
Is 23 a factor of 1784?
False
Is 14 a factor of 11466?
True
Does 3 divide 291?
True
Is 6734 a multiple of 82?
False
Does 26 divide 10903?
False
Is 105709 a multiple of 40?
False
Is 32 a factor of 672?
True
Does 36 divide 75780?
True
Is 64786 a multiple of 85?
False
Does 57 divide 1702?
False
Does 33 divide 8217?
True
Is 20 a factor of 2048?
False
Does 19 divide 77976?
True
Is 188 a multiple of 9?
False
Is 16 a factor of 3326?
False
Is 18 a factor of 9438?
False
Is 4946 a multiple of 15?
False
Does 33 divide 9460?
False
Does 17 divide 323?
True
Does 295 divide 81420?
True
Is 13 a factor of 2756?
True
Does 2 divide 2017?
False
Is 37 a factor of 121?
False
Is 28341 a multiple of 67?
True
Is 14 a factor of 10245?
False
Does 17 divide 409?
False
Does 67 divide 13332?
False
Is 169 a factor of 8450?
True
Is 23 a factor of 237?
False
Is 28310 a multiple of 52?
False
Is 57720 a multiple of 130?
True
Does 157 divide 14130?
True
Is 11124 a multiple of 147?
False
Does 52 divide 7748?
True
Is 7849 a multiple of 2?
False
Is 4010 a multiple of 85?
False
Is 1048 a multiple of 12?
False
Does 10 divide 489?
False
Is 131 a factor of 32226?
True
Is 102 a factor of 3774?
True
Is 2 a factor of 5510?
True
Is 37784 a multiple of 25?
False
Is 78 a factor of 1161?
False
Does 16 divide 2990?
False
Is 27 a factor of 4968?
True
Is 55 a factor of 967?
False
Is 80472 a multiple of 71?
False
Does 43 divide 6202?
False
Does 17 divide 204?
True
Does 61 divide 2684?
True
Is 49 even?
False
Is 54 a factor of 4368?
False
Is 91 a multiple of 13?
True
Does 23 divide 15870?
True
D